 is divided by l?
3
Let h be (-3)/(-6)*(-1 - -115). Suppose 4*b - 168 + h = 3*c, b + 5*c + 1 = 0. Let v = 113 - 44. Calculate the remainder when v is divided by b.
21
Suppose x - 4*a = 12, 0 = 3*x - a - 2*a. What is the remainder when 6 is divided by (20/25)/(x/(-30))?
0
Let x(k) = k**2 + 17*k + 22. Let a be x(-16). Suppose -a = -11*f + 8*f. Let u(c) = 8*c**2 - 2. Calculate the remainder when 87 is divided by u(f).
27
Let l be (-28)/154 + (-48)/(-22). Suppose -l = -6*r + 22. Suppose 0 = -2*a - r*k + 10, -2*a + 4*k = -0*a - 42. Calculate the remainder when 49 is divided by a.
10
Let h = -6 + 3. Let t = h - -5. Suppose 0 = 2*y - 3*y - 2*c + 1, -4*y + c + 4 = 0. Calculate the remainder when t is divided by y.
0
Let j be 56/12*(-24)/(-28). Suppose 2*w + j = -16. Calculate the remainder when 6/w - (-3460)/100 is divided by 18.
16
Let o = 24 - 22. Suppose 4*t - 5*c - 322 = 0, -o*t = c + 75 - 243. Let h(v) = -4*v - 3. What is the remainder when t is divided by h(-6)?
20
Let j(w) = w**2 - 22*w + 74. What is the remainder when j(22) is divided by 13?
9
What is the remainder when -4 + 0 - 4 - -471 is divided by 31?
29
Let x be (26/(-6))/(57/(-27) + 2). Let s = x + -26. What is the remainder when 39*(3 - 2) + -2 is divided by s?
11
Suppose 5*u + 2*h - 29 = 3*h, 0 = -3*u + 2*h + 23. Suppose -u*j + 36 = j. Suppose -j*a + 18 = -3*a. What is the remainder when 10 is divided by a?
4
Suppose 161 = 2*y + 3*p, 2*p + 53 = 3*y - 208. Let n = -8 + y. Suppose -n = -2*g + 29. What is the remainder when g is divided by 14?
11
Suppose -4*n - 4*q = -504, 2*q = -3*n + q + 374. Let w = n - 83. What is the remainder when w is divided by 11?
8
Let r(y) = -y**2 + 17*y + 10. What is the remainder when (-902)/(-12) - (6 - 8)/(-12) is divided by r(16)?
23
Let w = -3 + 21. Suppose -4*t + 8 = 2*n, 0*t = 2*n + 2*t - w. Let p(z) = 30*z - 3. What is the remainder when p(1) is divided by n?
13
Calculate the remainder when 89 is divided by 32 - (-8 + 5 - -5).
29
What is the remainder when 299 is divided by (-591)/(-24) - 126/(-336)?
24
Suppose 17 = 4*r + 5*n, 0 = 2*r - 0*n + n - 13. Suppose -7*q + 3*q = r. Calculate the remainder when (3 + -4)*(q - 15) is divided by 10.
7
Calculate the remainder when 680 is divided by (-16320)/340*(0 + (-3)/4).
32
Suppose d + 27 = v, -82 = -2*v - 3*d - 18. Let c = -18 + v. Calculate the remainder when 19 is divided by c.
8
Suppose -z + 19 = -44. Let x = z + -41. What is the remainder when x is divided by 12?
10
Suppose -4*y + 50 = i, -22 + 110 = 2*i + 5*y. Calculate the remainder when 79 is divided by i.
11
Let h = 89 - 72. Let r = -6 + 11. What is the remainder when h is divided by r?
2
Suppose 1124 - 1012 = 8*z. Calculate the remainder when 51 is divided by z.
9
Let m(t) = -2*t + 6. Suppose 7 + 303 = 5*p - 5*o, 4*p = -3*o + 276. What is the remainder when p is divided by m(-6)?
12
Let j(n) be the second derivative of -n**4/12 - 3*n**3 + 8*n**2 - 4*n. What is the remainder when 63 is divided by j(-17)?
30
Let q(i) = 35*i - 39. Calculate the remainder when 67 is divided by q(2).
5
Suppose -3*d = -2*l - 7 + 1, d = -3*l - 31. Suppose 148 - 13 = 3*p. Calculate the remainder when p is divided by 19 - 3/(l/12).
22
Suppose -3*h - 3*b = 12, -3*h - 2*h - 27 = -2*b. Calculate the remainder when (-5 - -2)*38/(-2) is divided by 1168/80 + (-2)/h.
12
Let o = 306 + -304. Calculate the remainder when 9 is divided by o.
1
Let q = -1492 - -1510. Calculate the remainder when 73 is divided by q.
1
Suppose 6*g - 25 = 23. Suppose 4*w - g*w = -140. Suppose -149 + 10 = -v. Calculate the remainder when v is divided by w.
34
Let w be -20 + (0 - 5 - -1). What is the remainder when 33 is divided by (-6)/((-4)/w*-3)?
9
Suppose -5*k = 5*v - 115, -3*k - 8 - 31 = -v. Suppose -3*a + 23 = -19. What is the remainder when v is divided by a?
13
Let h be (-5)/(-10)*1*4. Suppose -h*t = -56 - 20. Calculate the remainder when 14 is divided by 21/(-14) + t/4.
6
Let n(z) = -z**3 + 34*z**2 - 165*z - 67. What is the remainder when 1220 is divided by n(28)?
13
Let l(u) be the first derivative of -u**4/4 - u**3 + 8*u**2 - 7*u - 61. What is the remainder when (-1)/(-2) + 74/4 is divided by l(-6)?
4
Let r(o) = 154*o - 744. Calculate the remainder when 856 is divided by r(5).
24
Suppose 4*x = -4*o - o + 55, 0 = -3*x - 4*o + 41. Calculate the remainder when 41 is divided by x.
11
Suppose 3*c - 6 = 0, 13*c - 9*c = -5*y + 943. Calculate the remainder when y is divided by 31.
1
Suppose 0*z + 2*z = 2. Let x = z - 3. Let i(l) = -4*l**3 - l - 2. Calculate the remainder when i(x) is divided by 17.
15
Let n be 15/(-90) + (-19)/(-6). Let l be -1*n/(12/316). Let i = l - -117. What is the remainder when i is divided by 10?
8
Let b = -3 - -91. Calculate the remainder when b is divided by 23/(-4)*(9 + -1 + -12).
19
Suppose 2*f + g - 3*g = 666, -5 = -g. What is the remainder when f is divided by 68?
66
Suppose -4*c - 158 = -n - 4*n, 2*c + 28 = n. What is the remainder when n is divided by (4/((-24)/(-14)))/(7*(-7)/(-147))?
6
Suppose o - 568 = -3*b - 69, 0 = 2*b + 2*o - 338. What is the remainder when b is divided by 43?
36
Let y(u) = -u**2 + 6*u**2 - 5 + 31*u - 36*u. Suppose -2*m = -3*s + 61, -s + 3*m - 89 = -6*s. Calculate the remainder when y(-3) is divided by s.
17
Let g be (-12)/15 + 4/5. Suppose 57 = 3*t - b, g*b - 75 = -4*t + b. Calculate the remainder when t is divided by 8.
2
Let x(l) = -l**3 - 56*l**2 - 3*l - 136. What is the remainder when 1/(-2)*-2 + 93 is divided by x(-56)?
30
Let o(a) = 2*a + 566. Calculate the remainder when o(0) is divided by 7.
6
Suppose 7*a - 5*a + 50 = 2*g, 3*g - 93 = -3*a. Let k = -19 + 27. Calculate the remainder when g is divided by k.
4
Let p be (4/3)/((-4)/(-66)). Suppose p = y + 4*n, -2*y = -5*n + 9 + 12. Suppose y*q = -q + 123. Calculate the remainder when q is divided by 21.
20
Let b(j) = -j**2 - 13*j + 2. Let t be b(-13). Suppose 0 = 4*c + 3*p - 18, 6*p + 2 = -c + t*p. Calculate the remainder when 49 is divided by -9 + c + 40/2.
15
Suppose 0*y + 10*y = -50. Let l(p) = -8*p - 21. Calculate the remainder when 74 is divided by l(y).
17
Let k be 0 - (-26)/4*6. Let s = 174 + -159. Let w = k - s. What is the remainder when 45 is divided by w?
21
Let c(n) = -15*n - 2. Let v = 403 - 57. Suppose 0 = 16*b - v + 90. What is the remainder when c(-3) is divided by b?
11
Let f = -11 + 23. Suppose 2*z + 28 = 2*g, 0*z + 40 = 5*g + z. Calculate the remainder when f + 1/((-1)/(-3)) is divided by g.
6
Let s = -116 - -63. Let b = s - -88. What is the remainder when b is divided by 6?
5
Let a = -138 - -194. Calculate the remainder when 988/14 - (-24)/a is divided by 19.
14
Let f = 432 - 97. What is the remainder when f is divided by 12?
11
Let r = -200 + 347. Suppose b = -5*w - 412, -97 = w - 2*b - 8. Let t = r + w. Calculate the remainder when t is divided by 22.
20
Let f = 34 - 34. Let r(z) = z**3 + 1. Let o be r(2). Let g = o + f. What is the remainder when 17 is divided by g?
8
Let r(w) = 23*w - 35. Let t(f) = -8*f + 12. Suppose 4*n - 3 = 9. Let p(h) = n*r(h) + 8*t(h). Calculate the remainder when p(10) is divided by 11.
8
Suppose p = 4*o - 375, -5*p = 22 - 7. What is the remainder when o is divided by (-4 - (0 - 34))*(-44)/(-55)?
21
Suppose 5*t - 65 + 10 = 0. Calculate the remainder when 3*10/(-15) + t is divided by 6.
3
Let d(r) = 2*r**2 - 13*r - 3. Let l be d(7). Suppose -j - 3*f = 2*j - 27, f + l = 0. Calculate the remainder when j is divided by 2/(0 + 4)*8.
1
Suppose -31*f = 2*q - 32*f - 1055, 2*q - 4*f = 1040. What is the remainder when q is divided by 76?
74
Let i(t) = 6*t + 441. What is the remainder when i(-31) is divided by 44?
35
What is the remainder when 119 is divided by (27/(-9))/((-14)/(-16) + -1)?
23
Suppose 0 = 2*b, -b - 1 + 67 = -2*y. What is the remainder when 65 is divided by 0 - y - (-3 - -2)?
31
Let m = 14 - 5. Let x(w) = 23*w + 14*w**2 + 41 - 8*w**2 - 7*w**2. Calculate the remainder when x(24) is divided by m.
8
Let m = -86 + 162. Calculate the remainder when 149 is divided by m.
73
Suppose 187 = 4*x + 3. Calculate the remainder when 93 is divided by x.
1
Suppose -38 = -3*p + 10. Let z(j) = -j**3 + 9*j**2 + 5*j - 12. Calculate the remainder when z(8) is divided by p.
12
Let l = -215 + 226. What is the remainder when 142 is divided by l?
10
Let s = 28 - -5. Le